2*i - i = -3*k + 18, 0 = 5*k - 25. Let r be 0/2*i/6. Suppose -2*o + 2 + 12 = r. List the prime factors of o.
7
Let b = -24 - -74. List the prime factors of b.
2, 5
Let o = 7 - 4. Suppose 4*r - 55 = -3*w, w + 3*r - 23 + o = 0. List the prime factors of w.
17
Let u(x) = -5 + 5 - 2*x + 5*x**2. What are the prime factors of u(2)?
2
Let f(k) = k**3 + 12*k**2 - 3*k + 7. What are the prime factors of f(-12)?
43
Let t(a) = 4*a**2 - 10*a - 20. List the prime factors of t(-5).
2, 5, 13
Let z = 6 - 2. What are the prime factors of z?
2
Suppose -2*l - 6 + 26 = 0. Suppose -2*v = -a + 30 - l, -2*a - 4*v + 72 = 0. What are the prime factors of a?
2, 7
Let o(s) be the second derivative of s**4/12 - 2*s**3 + 8*s**2 - 2*s. List the prime factors of o(11).
5
Let m be (3/1 - 1)*4. List the prime factors of 8 + 4/(m/6).
11
Let u be (-11)/(-2) + 3/(-6). Suppose u*s - 8*s - w = -134, 0 = s - 3*w - 28. What are the prime factors of s?
43
Let t(d) = 6*d**2 - 5*d + 7. Let g be t(6). Let h = g + -88. Suppose -4*i - 41 + h = 0. What are the prime factors of i?
2
Suppose q + 381 = 4*w, -w + q + 43 = -53. List the prime factors of w.
5, 19
Let c = 10 + -8. List the prime factors of c.
2
Let p(c) = 37*c - 2. List the prime factors of p(1).
5, 7
Suppose 3*j + 1 = 4*j. Let d be (j + -2)/((-2)/4). List the prime factors of (18/(-21))/(d/(-14)).
2, 3
Suppose 4*x + 2*j = 877 - 241, 5*x + 3*j = 793. List the prime factors of x.
7, 23
Let x(z) = -2*z**3 - 6*z**2 + z + 6. What are the prime factors of x(-5)?
101
Suppose -7 = -u - 3. Suppose u*z = -30 + 70. List the prime factors of z.
2, 5
Suppose 5*d - 8 = -5*n + 7, -5*d + 7 = n. What are the prime factors of (n*(-14)/(-4))/1?
7
Let f(o) = -2*o - 11. Let r be f(-8). Suppose 0 = -r*b - 3 - 2. What are the prime factors of b*(-3 + (0 - 8))?
11
Let b = -6 - 5. What are the prime factors of ((-2)/(-2))/(b/(-231))?
3, 7
Suppose o + 74 = 3*h, -5*h - 2*o = -24 - 114. What are the prime factors of h?
2, 13
Let i(o) = -o**2 + 6*o + 9. Let b be i(7). Suppose b*c - r - 6 = r, -5*c + 11 = -r. Suppose -3*t = c*t - 50. What are the prime factors of t?
2, 5
What are the prime factors of (2 + 12/(-4))/((-3)/897)?
13, 23
Let j(u) = u**3 + 7*u**2 + 4*u + 9. What are the prime factors of j(-6)?
3, 7
What are the prime factors of 116 + -1 + 1 + 2 + 1?
7, 17
Let y = -172 + 270. List the prime factors of y.
2, 7
What are the prime factors of (-210)/(-36) - (-1)/6?
2, 3
What are the prime factors of (8/16)/(2/316)?
79
Let o(i) = i**3 - i**2 + 7. Let h be o(0). Let c = -2 + h. Suppose c*d = x - 0*x + 31, -3*d = 3*x - 15. List the prime factors of d.
2, 3
Suppose 5*d = 4*k + 33 - 1, 0 = -2*d - 4*k + 24. Let z(o) = -4 + 2*o + 2 + 3 - 6. List the prime factors of z(d).
11
Suppose -i - 20 = 3*f - 2*i, 2*f = 2*i - 20. List the prime factors of ((-36)/10)/(2/f).
3
Suppose -3*z + 108 - 9 = 0. What are the prime factors of z?
3, 11
Let w(n) = -n**3 + 10*n**2 - 3*n - 1. Let d(o) = o**2 + 1. Let i(j) = -3*d(j) + w(j). What are the prime factors of i(3)?
23
Let u(n) = -5*n**3 + n. Let v be u(-1). Suppose 3*t + r - 109 - 103 = 0, -v*t + 282 = 2*r. Suppose 0 = 5*x + 16 - t. What are the prime factors of x?
11
Let z(q) = -q**2 + 7*q - 4. Let b be z(7). List the prime factors of (-66)/(-14) + b/(-14).
5
Suppose -5*z = 2*m + 3*m, 3*z = 5*m + 40. List the prime factors of z.
5
Let l be 10*1/4*2. Suppose l*f - 18 = k, 12 - 2 = 3*f - k. What are the prime factors of f?
2
Let v = 134 + -59. What are the prime factors of v?
3, 5
List the prime factors of ((-36)/28 - -1) + (-1045)/(-7).
149
Let g = 2 - -8. List the prime factors of g.
2, 5
Let a(u) = -u**3 + u**2 + u + 282. What are the prime factors of a(0)?
2, 3, 47
Let n be 8/16*44/2. Let r = n - -9. What are the prime factors of r?
2, 5
Let l(r) = r**2 - 12*r + 8. Let x be l(11). What are the prime factors of -21*(2 + (x - 0))?
3, 7
Suppose -4*o + 0*o + 20 = 0. Let g(x) = x**3 - 6*x**2 + 6*x - 3. Let u be g(o). Suppose -16 - u = -3*i - 3*j, 5*i - j = 30. What are the prime factors of i?
2, 3
Suppose -t + 5*u = 5, -4*t + u + 81 - 25 = 0. Suppose t = 5*z - 2*z. Suppose -2*y = z*m - 49, -5*m - 5*y + y = -43. List the prime factors of m.
11
Let w be 2*1/(-2) + 11. Suppose -3*p - 6 = -3*f, 0 = 2*p - p + 5*f - w. Let i = 17 - p. What are the prime factors of i?
17
What are the prime factors of 243/7 + 6/21?
5, 7
Let t(a) = 2*a - 2. Let g be t(6). List the prime factors of (-3)/(-15) - (-128)/g.
13
Suppose 0*h - 5*h + 50 = 0. Let v = h + -4. What are the prime factors of v?
2, 3
Let q(x) = 9*x**2 - x + 1. Let w be q(1). Let i(c) = 2 + 0*c + 5*c - 4*c. What are the prime factors of i(w)?
11
Let n be -2*4*(-2)/4. Suppose -4*y + 39 = -3*z, n*z = -z + 15. Suppose 0*w = -w + y. What are the prime factors of w?
2, 3
Let y be 124 + -4*9/(-12). Suppose 3*x + u = -0*u + y, -x + 53 = 3*u. What are the prime factors of x?
41
Let i be (2 - 1) + (-1)/1. Suppose 25 = 5*m + 5. Suppose 2*x + 0*x - m = i. List the prime factors of x.
2
Let j(g) = -g - 3. Let m be j(-6). Suppose 0 = -3*r - m*n + 10 + 8, -19 = r - 4*n. Let v = 1 + r. What are the prime factors of v?
2
Suppose 3*f = -2*c + 54 + 297, -3*c = -5*f - 517. What are the prime factors of c?
2, 3, 29
Let z(q) = -q - 17. Suppose -6*m - 75 = 5*k - m, -3*m - 15 = 0. Let r be z(k). Let i(h) = -h**2 - 9*h - 1. List the prime factors of i(r).
13
Suppose 5*o - x = -15, 0 = -o + x - 3 - 4. List the prime factors of (-18)/(-1) + 0 + o.
2
Let l = 3 + -1. Suppose l*g = 1 + 5. Suppose -4*f = -g*u + 9, 5*f = 15 - 0. List the prime factors of u.
7
Let o = 0 + 1. Let m(w) = 19*w**2 - 3*w + 10. Let r(f) = -13*f**2 + 2*f - 7. Let l(t) = 5*m(t) + 7*r(t). What are the prime factors of l(o)?
2
Let t(a) = -a + 3 - 3 - 6. Let n be t(-12). List the prime factors of ((-3)/(-2))/(n/20).
5
Suppose c = 4*t - 21, 4*t + 3*c = 2 + 15. Suppose 2*j = 5*i - 13 + 45, 0 = -2*j - 2*i + 4. Let v = j + t. List the prime factors of v.
11
Let i = 23 + 8. Suppose 0 = -w + 2*r + 3*r + i, 2*w - 26 = -2*r. What are the prime factors of w?
2
Let b(h) = h**3 - 5*h**2 - 2*h - 2. Let v be b(5). Let i = -7 - v. Let k = i - -1. List the prime factors of k.
2, 3
What are the prime factors of 3*(-6)/9 - 2*-67?
2, 3, 11
Let w = -131 + 193. Suppose b - w = -2*b + 2*v, -4*v = -b + 14. List the prime factors of b.
2, 11
Suppose 0 = -5*f + 4*u + 315, -f - 3*f + u = -241. List the prime factors of f.
59
Let r(u) = -17*u**3 - 2*u**2 - u. Let o be r(-1). Suppose 25 = -5*c, -2*t + o = 3*c - 23. List the prime factors of t.
3
Let j(t) = t**3 - 12*t**2 - 6*t - 6. Let c be j(13). Suppose 87 = 4*s + 3*i - 0*i, 0 = -5*s + i + c. What are the prime factors of s?
2, 3
Suppose 0 = -6*t + 555 + 369. List the prime factors of t.
2, 7, 11
Let b be -6*(-3)/(-12)*-2. Suppose 0*p = 5*p - 10. Suppose -m - r - p = -3, -5*m + 29 = -b*r. List the prime factors of m.
2
Suppose -4*i + 5 = -7. Suppose -5*h + 22 + i = 0. Let x(f) = -f**3 + 5*f**2 + 6. What are the prime factors of x(h)?
2, 3
Let m = -61 - -102. What are the prime factors of m?
41
List the prime factors of (-1)/(-7) + -388*4/(-14).
3, 37
Let o be (-6)/2*(-784)/(-42). Let c = -23 - o. What are the prime factors of c?
3, 11
Let f be (-1)/5 + (-5)/(-25). Suppose -2*i - r + 29 = 0, 0*i - i + 5*r - 2 = f. List the prime factors of i.
13
Let g = 11 + -6. Suppose -5*k + g*c + 15 = 0, -2*c - 2*c = 4*k + 12. Suppose 4*w = -3*r + 52, -4*r + 52 = 4*w - k*w. List the prime factors of w.
13
Suppose -z + 79 = 30. Suppose -z = -3*q - 4*j, 2*q + 4*j - 26 = -0*j. What are the prime factors of q?
23
Let v be -30 + 1 + 9/3. Let u = -12 - v. List the prime factors of u.
2, 7
Let o be 1/(3 - (0 + 2)). Suppose o = 2*n - 29. Suppose -5*v - n = 0, 5*v = -5*p + 5 + 5. List the prime factors of p.
5
Let x(z) = -2*z**2 - 14*z - 2. What are the prime factors of x(-6)?
2, 5
Suppose 0 = -3*g + g + 14. List the prime factors of g.
7
Let f(w) = w**3 + 10*w**2 - 12*w + 4. What are the prime factors of f(-11)?
3, 5
Let w(h) = 4*h**2 + 2*h + 3. Let a(t) = t + 1. Let u be a(-3). List the prime factors of w(u).
3, 5
Suppose 0 = 4*r + v - 1490, r - 2*r + 382 = 5*v. What are the prime factors of r/14 + (-9)/(-21)?
3
Suppose -d + 6*d + 4*o - 163 = 0, -29 = -d - 2*o. List the prime factors of d.
5, 7
Suppose -88 = -2*u - 28. What are the pr